 w. Let z(o) = 3500*o + 49. Is z(w) composite?
True
Suppose -2*h = -k - 82073, -3*h + 123127 = 612*k - 610*k. Is h prime?
True
Suppose 3540 = -9*h + 14*h. Suppose 6*u - 3*u - 8993 = 4*v, 0 = -4*u + 3*v + 11986. Let j = u - h. Is j composite?
False
Is (-1551004)/(-312) - -1*(-1)/6 a prime number?
False
Let g(j) be the second derivative of j**5/20 + 13*j**4/12 - 17*j**3/3 + 19*j**2/2 + 6*j + 9. Is g(-15) a prime number?
True
Is (-4 + 8)*-1*(0 + (-48284)/16) composite?
False
Suppose -51*j + 277893 = 3*y - 47*j, -7*y + 648343 = -3*j. Is y a composite number?
False
Let y(g) be the third derivative of 227*g**4/24 + 55*g**3/3 - 107*g**2. Is y(13) prime?
True
Suppose -8*h + 76327 - 19190 + 99991 = 0. Is h prime?
False
Let d = -643226 - -977277. Is d composite?
True
Suppose 5*p = 0, -2*p + 1237 = -5*f + 43197. Let j = -170 + f. Is j a composite number?
True
Suppose 10*v - 5*t + 86965 = 15*v, 4*v - t - 69612 = 0. Is v composite?
False
Let s = 373 - 368. Suppose 0 = s*q - 150981 + 59986. Is q prime?
True
Suppose 0*r = r. Suppose r = 16*v + 94 - 286. Is (4 + v/6)*(-1478)/(-6) a prime number?
False
Suppose 41669 - 110848 = -44*p + 600809. Is p a prime number?
True
Let j be (7/(-35))/(2/(-10)). Suppose 2*a - j = -b + 8, -4*a = -12. Suppose l - v - 86 = 0, 0*v + b*v - 351 = -4*l. Is l prime?
False
Let w be ((-5)/(-15))/(-2 + 244/120). Suppose 4*j + 3*m + 133 = 5*j, -m + 558 = 4*j. Let n = j + w. Is n a prime number?
True
Suppose 2*q - 4*q - 5*v = 1, q - 1 = -4*v. Is (382 + q - -3) + 9/(-3) prime?
True
Let h(d) = -12 + 14*d**2 - 17*d + 19*d - 3*d**2 + 34*d**2. Is h(-7) composite?
False
Let r = 386024 + -188997. Is r prime?
False
Let l = 390 + -223. Suppose -145 - l = 6*i. Let d = -30 - i. Is d a composite number?
True
Suppose 62 = 5*f + 4*l - 2, -5*l = f - 17. Is ((-20876)/f)/(1/(-3)) composite?
True
Suppose -2*b = 742*f - 741*f - 10067, 40260 = 4*f + 4*b. Is f composite?
True
Let h(b) = -4*b**3 + b**2 + 8*b + 208871. Is h(0) composite?
True
Is ((-3 - 40/(-22)) + (-52)/(-286))*-115939 prime?
False
Let k(z) = 349*z**2 - 310*z + 4. Is k(11) a composite number?
True
Suppose -28193 = -16*o + 927. Let a = 3219 - o. Is a a prime number?
True
Suppose 40 = 20*a - 0. Is ((-628)/2)/a*(-59 + 56) composite?
True
Let a(c) = -3764*c**3 - 25*c**2 - 13*c - 13. Is a(-3) a composite number?
False
Let k = -119 - -127. Suppose k*y = 2*y + 258. Is y prime?
True
Let l(o) = o**2. Let c(y) = -7*y**2 + 4*y + 15. Let x(b) = -c(b) - 6*l(b). Let g be x(6). Is (3 - (g + 8)) + (-481)/(-1) prime?
True
Let a = -140 + 139. Let y(q) = -1218*q**3 + 3*q + 2. Is y(a) composite?
False
Is 0 + 6 + (17995 - 2) prime?
False
Suppose -8*o = -10*o - o. Suppose -1126 = -4*y + 3*y + 5*c, -20 = -5*c. Suppose 5*r - y - 1439 = o. Is r a prime number?
False
Suppose -3*r = z + 23, -5*z - r = -2*r + 67. Let v be -2 - 16/(-7) - 2712/z. Let g = 285 + v. Is g a composite number?
False
Let f(w) = -631*w - 2. Suppose 3*a = 4*a - 3*x + 4, 4*a = x + 6. Let l be ((65/(-10))/(-13))/(a/(-4)). Is f(l) a composite number?
True
Suppose 796088 = 79*a - 40*a - 31*a. Is a a composite number?
True
Suppose -34*a - 4*v + 1669 = -33*a, 8445 = 5*a - 5*v. Is a a composite number?
True
Let s = -195713 - -283636. Is s a composite number?
True
Suppose 48 = i + 46. Is (i - 65317/14)*8/(-12) prime?
True
Suppose -4*f = -2*s + 7*s + 12, -2*f - 4*s - 12 = 0. Suppose 8*a - f*a = 42. Is a/14 + -1 + (-1643)/(-2) a prime number?
True
Suppose w = m - 25020, -25006 = 1047*m - 1048*m - w. Is m prime?
True
Let z(v) = 21566*v + 969. Is z(14) a composite number?
True
Suppose c + 19 = -10. Let t = c - -35. Is (-2775)/(-9) - (-4)/t prime?
False
Let f be 8/(-6)*10392/(-16). Let j = -349 + f. Is j a composite number?
True
Suppose -13*p + 110305 = 20863 - 267967. Is p composite?
True
Let d be -1 + ((-16230)/45)/((-2)/6). Suppose -d = -2*g + 2521. Is g composite?
False
Is 180/(-100) - 5407044/(-30) composite?
False
Let f be ((-4)/(-6))/(9/(-330858)). Is ((-7)/(-28))/((-1)/f) prime?
False
Let i(l) = 145*l**2 + 16*l + 23. Let k(q) = q**3 + 41*q**2 + 78*q - 6. Let c be k(-39). Is i(c) composite?
False
Suppose 0 = 5*b + 3*u - 318676, 3*b - u = 161295 + 29919. Is b composite?
False
Let n(r) = 1713*r - 50. Let l be n(13). Suppose l = 4*g + s - 4*s, s - 27788 = -5*g. Is g a composite number?
False
Let t = -464 + 462. Is (72/144)/(t/(-5764)) a prime number?
False
Let l(q) = 9*q - 3. Let s be l(1). Is s/(-6)*2*633/(-6) prime?
True
Let m = -20370 - -36817. Is m prime?
True
Let g(f) = -f**3 + 8*f**2 - 2*f + 110897. Is g(0) composite?
True
Is 9 + -8 - (-243665 - (-13 - 0)) a prime number?
False
Let y = 109 - 106. Suppose -15045 = -y*b + 2916. Is b prime?
True
Suppose 2*q + q - 3*p = 12, 3*p = 4*q - 17. Suppose 0 = 2*k - q*i - 3383, -5*k + i + 21 + 8425 = 0. Is k composite?
True
Let s be (60/(-9))/(-5)*3. Suppose -5*o + s*o + 3 = 0. Suppose -418 = -o*p + 3176. Is p a composite number?
True
Let k = 1193 - 800. Suppose 5*z - z = 3*c + k, -97 = -z + c. Let n = -64 + z. Is n composite?
True
Let z be 2/(-6) - (2 + 38/(-6)). Suppose z*j + 108136 = 12*j. Is j composite?
True
Suppose -28*m + 6393046 = 23*m - 29*m. Is m a composite number?
False
Let u = 881 + 26730. Is u a prime number?
True
Is (-1)/(-12) + (23130680/480 - 10) composite?
False
Let c(j) be the second derivative of -55*j**3/3 - 29*j**2/2 - 17*j. Let k = -279 + 273. Is c(k) composite?
False
Let i be ((-24)/(-6) + -4)/(1 - 2). Suppose -11821 = -2*q - 3*d, i*q + 5*q + 3*d - 29530 = 0. Is q composite?
False
Let p be (0 - -1) + (-21 - -63). Suppose -31*f + p*f - 20316 = 0. Is f a prime number?
True
Suppose -2*a - 5 = -3*a. Let r be (-8 + 1)*(3 - 20/a). Suppose -r*y + 605 = -2*y. Is y a prime number?
False
Let r(q) = 4751*q + 1179. Is r(118) a composite number?
False
Let l = 1089 + -265. Let i = l - 501. Is i composite?
True
Is (-6)/3 - -1 - (-41 + -66009) composite?
True
Let g = 479 - 1700. Let z(u) = 42*u**2 + 8*u + 10. Let q be z(-7). Let k = g + q. Is k a prime number?
False
Suppose -5*p = 25, -77*g = -74*g - 3*p - 1078698. Is g a prime number?
True
Let k = 188 - 47. Let x be (44/(-40) - (-2)/(-5))/(795/(-488660)). Let n = x - k. Is n prime?
False
Suppose 155536 = -17*v - 245970. Let s = 44767 + v. Is s prime?
True
Let a(k) = 2*k**3 - 44*k**2 + 104*k + 3. Is a(28) a prime number?
True
Let x(g) be the second derivative of g**5/5 - 3*g**4/2 + 49*g**3/6 + 7*g**2/2 - 36*g. Is x(14) a prime number?
False
Suppose 10 = -0*h + 5*h. Let c(q) = 1089*q**2 + 4*q + 5. Let d(t) = 544*t**2 + 2*t + 3. Let b(z) = 4*c(z) - 7*d(z). Is b(h) a prime number?
False
Let o = -216 + 112. Let q = o - -37. Is (3/(-1) - -2)*q a prime number?
True
Let b = 132 - 121. Suppose -b*p + 8*p + 30462 = q, -q = -4*p + 40616. Is p a prime number?
False
Let l = -4 - 0. Is -5 + 14307*l/(-6) a composite number?
False
Suppose -3*b - 94 = 4*f, 3*b + 0*f + 66 = 3*f. Let m = -14 - b. Is 2/m*5438 + (-22)/(-33) prime?
True
Let l(k) = -k**2 + 20*k - 85. Let g be l(14). Let p(q) = -2957*q**3 + 2*q + 2. Is p(g) composite?
False
Is ((-99048)/(-16))/((-9)/(-18)) a prime number?
False
Suppose 0 = 2*r - 3050 - 862. Let o = r + -55. Is o composite?
False
Is (1 - (-6 - 80022)) + 14 composite?
True
Suppose 115*v = 2518557 + 1649848. Is v prime?
False
Let w(c) = 4*c - 40. Let q be w(7). Let y be (-982)/(-6)*q/(-18)*-9. Let v = 1003 - y. Is v prime?
False
Let z be 3/(((-8)/(-1356))/((-8)/(-6))). Let d = z - -3883. Is d prime?
True
Suppose 28303 = y - 2*m, -4*m = 315*y - 318*y + 84903. Is y a prime number?
True
Suppose -2908 = -5*m + 2462. Let j = 6275 + m. Is j a prime number?
True
Let t(m) = 1067*m**3 + 7*m**2 - 18*m + 605. Is t(15) prime?
False
Suppose -58705 = 825*z - 830*z. Is z composite?
True
Suppose 3*f = 2*c - 5, 0 = c - 3*c + 4*f + 4. Suppose i + c*i = -1135. Let s = 354 + i. Is s a composite number?
False
Let p be 58/14 + ((-90)/(-105) - 1). Let s be 0*2/(-8)*-2. Suppose p*b + s*b = -4*g + 344, -b = 5*g - 450. Is g composite?
True
Let l = 646918 - 342545. Is l a composite number?
False
Suppose 4*z = -0*z + 12, -5*n - 5*z + 36865 = 0. Suppose -t - a = -3695, -2*t + n = -2*a - a. Is t a prime number?
True
Suppose -o = -562*h + 561*h + 733730, -3*o = 2*h - 1467500. Is h composite?
True
Let l = -95573 + 176884. Is l a prime number?
False
Suppose -2*l + 15774 = -5*